95 = 2. Calculate the remainder when 53 is divided by g.
26
Suppose -2*w + 282 = -4*s, 4*w + 0*s - 584 = 4*s. What is the remainder when w is divided by 22?
19
Let b = 28 + 10. Let n be 2/3 - 24/9. Calculate the remainder when b is divided by 0/(n - 0) - -13.
12
Let g(j) = -8*j - 1. Let f = 4 - -2. Let c = -2 + f. Calculate the remainder when g(-2) is divided by c.
3
Suppose -2*u + 3*u = -4*y - 15, -12 = 4*y. Let b = u + 9. Calculate the remainder when b is divided by 5.
1
Let n(i) = i**3 - 3*i**2 + i - 3. Calculate the remainder when n(4) is divided by 7.
3
Suppose -21 = -k + 13. Calculate the remainder when k is divided by 12.
10
Let x(d) = -d**2 + 10*d + 10. What is the remainder when x(8) is divided by 8 + -1 - (-4 + 2)?
8
Let x be 20/6 - (-1)/(-3). Let a(i) = 27*i + 3. Let k be a(x). Suppose 13 = -4*l + 4*z + 93, k = 5*l - z. Calculate the remainder when 30 is divided by l.
14
Let n(u) = -u**3 + 16*u**2 - 14*u + 7. What is the remainder when 24 is divided by n(15)?
2
Suppose 4*t = t - 9. Calculate the remainder when 14/6*-1*t is divided by 3.
1
Let v(w) = -w**2 + 4*w - 1. Let o be v(4). Let b be (14/4)/(16/(-128)). Calculate the remainder when 12 is divided by o/(2/b*2).
5
Let i be 1/(-3) + 208/39. Let g = 11 + i. Calculate the remainder when 30 is divided by g.
14
Let t(k) = k**2 - 7*k + 7. Let f be t(6). Suppose 0 = -3*n - 4*j + 37, 3*j = -n - f + 15. What is the remainder when 31 is divided by n?
9
Suppose -3*l + 29 = -19. What is the remainder when l is divided by 6?
4
Let n(a) = -a**2 - 2*a + 5. What is the remainder when 6 is divided by n(-2)?
1
What is the remainder when 98 is divided by 25*3/3*(6 + -5)?
23
Let x = -29 + -3. Let o = x + 60. Calculate the remainder when 83 is divided by o.
27
Let o = 3 + -1. Let p = 3 - o. Let g = 14 - p. What is the remainder when 37 is divided by g?
11
Suppose -4*l + 4*t + 4 = -8, 2*t = -3*l + 29. Calculate the remainder when 23 is divided by l.
2
Let j(u) = u**2 - u + 5. Let n be j(7). Suppose -4*w + n = 3. Calculate the remainder when 43 is divided by w.
10
Suppose 37*x - 36*x = 109. What is the remainder when x is divided by 56?
53
Let g(d) = -4*d + 31. Calculate the remainder when 6 is divided by g(7).
0
Suppose b = 3*a - 16, 2*b + 28 = 3*a + 2*a. Let s(p) = 2*p - 1. What is the remainder when 26 is divided by s(a)?
5
Let t(x) = -9*x - 2. Suppose -5*q = -222 + 72. What is the remainder when q is divided by t(-2)?
14
Let i = 7 - 4. Let d(q) = -i*q + 5*q - 7 - 3*q. Calculate the remainder when 3 is divided by d(-9).
1
Suppose 2*u = -2*l + 16, 4*l - 11 = -u + 9. Let i = u + 0. What is the remainder when (3 - i)*-3*9 is divided by 10?
7
Suppose -4*x = k + 12, 3*k + 8 = 4*k - x. Suppose -16 = -k*l + 20. Suppose -g + 1 + l = 0. What is the remainder when 19 is divided by g?
9
Suppose -g - 5*z - 189 = -5*g, -5*g + 5*z = -240. Suppose -6*d + 12*d - 156 = 0. What is the remainder when g is divided by d?
25
Let m = 4 + 35. Calculate the remainder when m is divided by 20.
19
Let v(k) = 26*k**2 + 1. Calculate the remainder when 52 is divided by v(1).
25
Let w = -13 - -16. What is the remainder when 12 is divided by w?
0
Let v be (0 + 6/4)*2. What is the remainder when 21 is divided by 6/9 - (-31)/v?
10
Let i = 81 - 73. Calculate the remainder when 21 is divided by i.
5
Let c be (-150)/9*(-9)/6. Let a = -1 + c. Calculate the remainder when a is divided by 7.
3
Suppose 3*c = 5*c - 40. What is the remainder when 37 is divided by c?
17
Let c be 15*((-39)/15 + 3). Suppose 4*p - 30 = c. Calculate the remainder when 16 is divided by p.
7
Let n(m) = m**3 - 2*m**2 - 2*m - 2. Let r be n(3). Let d = 6 + r. Calculate the remainder when d is divided by 4.
3
Let s(y) = y - 4. Let j(l) = -2*l - 3. Suppose -4*c - 24 = -0. Let a be j(c). What is the remainder when 8 is divided by s(a)?
3
Suppose 4*l + 4*b = 56, 0 = -2*l + 2*b + 1 + 7. Calculate the remainder when 13 is divided by l.
4
Suppose 2*k - 150 = -3*k. Suppose s - 10 = -w, 3*s = 3*w + 2*w + 30. Let m = s - -6. Calculate the remainder when k is divided by m.
14
Let c = -60 + 94. Calculate the remainder when 131 is divided by c.
29
Suppose -5*c - g + 6*g = 0, c + 2*g = 0. Suppose 3*f + 6 = -6, c = 2*p - 5*f - 72. What is the remainder when p is divided by 9?
8
Let u(k) = k + 9. Suppose 5*z + 26 = -d, 2*d - z - 23 = 4*z. Let p be 4/2 - (d + -4). Calculate the remainder when 31 is divided by u(p).
15
Let u be 32/14 + (-18)/63. Suppose u*b - 20 = -3*v, b + 40 = 5*v + 3*b. What is the remainder when 29 is divided by v?
9
Suppose 2*v - 5*l = -v + 56, 5*v = -l + 56. Calculate the remainder when v is divided by 4.
0
Let v be (-1 - (0 + -2))/(-1). Let p(k) = -50*k + 1. Calculate the remainder when p(v) is divided by 18.
15
Let d(v) be the second derivative of -v**4/12 - 17*v**3/6 - 9*v**2/2 + 5*v. What is the remainder when d(-10) is divided by 16?
13
Let d(l) = l**2 - 7*l + 6. Let w be d(7). Suppose 4*i = w + 2. Suppose -3*x + 3 = 5*y, -3*y + 5 = 2*x - x. Calculate the remainder when y is divided by i.
1
Suppose -2*r = -0 - 10. Calculate the remainder when 13 is divided by r.
3
Let b(o) be the third derivative of -2*o**2 + 3/20*o**5 + 0 + 1/120*o**6 + 0*o + 7/24*o**4 - 2/3*o**3. What is the remainder when 11 is divided by b(-8)?
3
Suppose 4*k - 103 = -31. Let g(p) = -p**3 - 3*p**2 + 12*p - 1. What is the remainder when g(-6) is divided by k?
17
Let a = 8 + -13. Calculate the remainder when 43 is divided by (-75)/a + 0/(-2).
13
Suppose -o - 3 = -13. Calculate the remainder when 18 is divided by o.
8
Suppose 72 + 165 = n. What is the remainder when n is divided by 24?
21
Let w = 15 + 27. Calculate the remainder when w is divided by 11.
9
Suppose -3*a + 0*a = -5*p + 97, -59 = -3*p + a. Calculate the remainder when 38 is divided by p.
18
Suppose q - 44 = 9. Calculate the remainder when q is divided by 19.
15
Suppose -36 = -5*s - 3*l + 5, -2*s + 26 = -2*l. Calculate the remainder when 38 is divided by s.
8
Let i(o) = -4*o**2 + 4*o - 6. Let g be i(-6). Let z = 85 - 65. Calculate the remainder when (g/(-4))/((-6)/(-8)) is divided by z.
18
Let b = -96 + 137. Suppose 5*t - 15 = 0, -2*h - 3*t + 38 = 7. What is the remainder when b is divided by h?
8
Let c = 10 - 34. Let x be -3*(c/(-9) + -2). Let s = 0 - x. What is the remainder when 3 is divided by s?
1
Let h(c) = c**3 + 4*c**2 - 5*c - 3. What is the remainder when 61 is divided by h(-4)?
10
Let s = 41 + -14. Calculate the remainder when s is divided by 16.
11
Suppose i = 5*i - 4. What is the remainder when 20 is divided by 9 - (-1)/(i/2)?
9
Suppose 7*i - 21 = -b + 3*i, 5*b - 88 = -3*i. Calculate the remainder when b is divided by 5.
2
Let m = -13 - -7. What is the remainder when m/39 - (-340)/13 is divided by 14?
12
Let d(f) = -10*f**2 - f. Let j be d(-1). Let s = -7 - j. Suppose -l + 2*y = 3*l - 56, y - s = 0. What is the remainder when 44 is divided by l?
14
Calculate the remainder when ((-6)/4)/(15/(-310)) is divided by 17.
14
What is the remainder when (-8 + -1)*2/(-3) is divided by (-66 - -61)*1/(10/(-6))?
0
Let c(h) be the first derivative of -h**3/3 + 5*h**2 + 3*h - 4. What is the remainder when 4 is divided by c(10)?
1
Suppose 0 = 4*i - i. Suppose i = 2*z - 67 - 9. What is the remainder when z is divided by 20?
18
Let l(y) = y**3 + 6*y**2 - 2*y - 8. Calculate the remainder when l(-6) is divided by 3.
1
Let d = 4 + -6. Let r(f) = -9*f + 2. Let u be r(d). Let h = u + 12. What is the remainder when h is divided by 11?
10
Suppose 3*g - 30 = -0. Let c(i) = -2*i + 1. Suppose -2 = 4*w + 2. What is the remainder when g is divided by c(w)?
1
Suppose -5*r + 33 = -7. What is the remainder when (2 + -1)/(3/45) is divided by r?
7
Let u = 180 - 164. What is the remainder when (-6)/(-4)*(-172)/(-6) is divided by u?
11
Suppose -b - 4*g + 23 = 2, -5*g = -15. What is the remainder when 21 is divided by b?
3
Let q(p) = -p**3 - 5*p**2 + 8*p + 2. Let a be q(-6). Let d = 33 + a. Let j = d - 11. What is the remainder when j is divided by 7?
5
Let j(i) = -8*i**2 - 3*i + 1. Let c be j(2). Let n = -19 - c. Calculate the remainder when n is divided by 5.
3
Let l(p) = 1 + 17*p - 2 - p**2 - 4 + 0. Calculate the remainder when l(13) is divided by 12.
11
Let c = -6 + 10. What is the remainder when 40 is divided by (1 - c) + 18 + -4?
7
Let q(m) = -3